?
4
Suppose 245*w = 241*w - 2*y + 166080, 4*w = -4*y + 166080. What is the ten thousands digit of w?
4
Suppose -4*a + 2*i = -72, 3*a - 112 = -2*a - 3*i. Let k = a - 21. Let l(v) = 83*v**2 + 2*v + 1. What is the tens digit of l(k)?
8
Let z = 135 + -38. Let y = z - 84. Let p(s) = -s**2 + 21*s + 3. What is the tens digit of p(y)?
0
Let o(p) = 137 - 33 + 47 - 13*p + 69. What is the tens digit of o(12)?
6
Let i = -422 + 8071. What is the tens digit of i?
4
Let w(x) = 2*x**2 - 8*x - 3. Suppose -4*q + 12 = 0, 6*q = -5*i + 2*q + 47. Let y be w(i). Let a = y + -22. What is the tens digit of a?
1
Suppose 8*f - 52 + 36 = 0. Suppose 0 = f*b - 1156 - 1876. What is the thousands digit of b?
1
Suppose -37*x = -31*x - 132. Suppose 2*h + x + 6 = 0. What is the tens digit of (-7)/h*(0 + 622)?
1
Let r be 2*5/20*0. Suppose 4*q - 986 - 362 = r. What is the hundreds digit of q?
3
Let q(d) = 863*d + 6885. What is the tens digit of q(35)?
9
Let f(n) = -1. Let d(p) = -2*p**2 + 25*p - 40. Let k(q) = -d(q) - 3*f(q). What is the units digit of k(19)?
0
Suppose 16106 = 4*z + 8*l - 6*l, 3*l = -z + 4024. What is the tens digit of z?
2
Let l(f) = -291*f + 518. What is the thousands digit of l(-9)?
3
Let y = -3267 + 7442. What is the units digit of y?
5
Let w be (27 - 35)*(1 + 0 - 227). Suppose -2*s = -6*s - 3*b + 1434, -4*b = -5*s + w. Suppose 67 - 260 = -3*m + 4*v, -5*m = v - s. What is the tens digit of m?
7
Let g(j) = 13*j**2 + 3*j + 19. Let u be g(5). Let z = u + -196. What is the units digit of z?
3
Suppose 1190 = a - 6*a. What is the tens digit of 575 - 306/a*(-28)/6?
6
Let j(t) = 453*t**2 + 41*t + 165. What is the hundreds digit of j(-6)?
2
Let t(c) = 794*c - 46. What is the thousands digit of t(4)?
3
Suppose 3*m = -5*v + 20428, 8*v = -m + 7*v + 6808. What is the hundreds digit of m?
8
Suppose 0 = -14*d - 4*d + 51408. Suppose d = 58*f - 44*f. What is the hundreds digit of f?
2
Suppose -161*s = -164*s - 747. Let y = -49 - s. What is the units digit of y?
0
Let y(w) be the first derivative of 11/2*w**2 + 1/3*w**3 + 21 + 8*w. What is the units digit of y(10)?
8
What is the ten thousands digit of (12/10)/(16*48/27530240)?
4
What is the hundreds digit of (102663/22)/(-17)*16/(-12)?
3
Let n be ((-1220)/(-12) - 2)/((-7)/21). Let q = -249 - n. What is the units digit of q?
0
Let t = -49 + 24. Let q be (-4)/(-22) - 1514/(-22). Let a = q + t. What is the tens digit of a?
4
Suppose 4*m - 115*o - 260426 = -117*o, -o = 4*m - 260429. What is the thousands digit of m?
5
What is the hundreds digit of 2*4751 + ((-765)/(-117) + -7)*-13?
5
Suppose -70*r - 9 = -67*r, -3*s + 4*r + 20643 = 0. What is the thousands digit of s?
6
Let u(b) = -2*b**2 + 5. Let p be u(-3). Let g = p - -4. Let y(k) = k**2 + k - 3. What is the units digit of y(g)?
9
Let o(i) be the first derivative of 10*i - 4*i**3 - 3/2*i**2 - 1/4*i**4 - 15. What is the units digit of o(-12)?
6
Let q = 8646 + 2948. What is the hundreds digit of q?
5
What is the units digit of (55/(-33) - (-5469706)/(-264))*(-3 - 1)?
1
Let u(r) = -2*r**3 - 8*r**2 - 8*r - 3. Let o be u(-2). What is the tens digit of 2050/15 - (-1 - (-1)/o)?
3
Let c(y) = y**3 - 14*y**2 + 12*y + 18. Let d be c(13). Suppose -4*t + 2062 = 2*z - 0*z, 3*t - 1540 = d*z. What is the units digit of t?
5
Let x be (-8596)/(-42)*3/2. Suppose -3*h = s - x, 5*h - 5*s = 512 - 7. What is the units digit of h?
2
Let s = 23164 + 33159. What is the units digit of s?
3
Let n(q) = 9*q**2 - 23*q + 9. Let b be n(11). Suppose -b = 7*i - 5052. What is the units digit of i?
1
Let r(i) = 11 - 4 + 56*i - 347*i + 48*i. Let f be r(-1). Suppose f = 63*x - 61*x. What is the units digit of x?
5
Suppose 8*l = -340 - 52. Let y be -3 + (-6)/(6/l). Suppose -j + 22 + y = 0. What is the tens digit of j?
6
Suppose 1224 = -9*x + 4500. What is the tens digit of ((-548)/14)/((-13)/x)?
9
Suppose 41*p + 1 = 40*p. Let s be p/(-6) - 91/42. What is the units digit of s/5 - (-7)/((-140)/(-2908))?
5
Let l be (-303)/(-4 + 1)*4. Let v be l*(-6)/(-8)*4/12. Suppose v + 11 = s. What is the hundreds digit of s?
1
Let v(h) = 3*h**2 + 5*h - 2. Let r(u) = 2*u + 82 - 83 - u + u**2. Let i(g) = 20*r(g) - 5*v(g). What is the hundreds digit of i(7)?
2
Suppose -4*w + 16 = 0, 0*p - p = 3*w - 1. Let s = p + 2. What is the units digit of s/15*(-90)/3?
8
Let k(s) = -13*s**2 + 4*s + 4. Let q be k(-1). What is the units digit of q/((-6 + -3)/981)?
7
What is the thousands digit of (3*(-497)/21)/(18/(-522))?
2
Suppose 33*h - 775566 = -56430. What is the tens digit of h?
9
Suppose 4*b - 2002 = 3*l, -33*b - 3*l = -28*b - 2516. Let k = 334 + b. What is the tens digit of k?
3
Let z = 232 + -480. Let g be -3 - z/1 - -1. Suppose 0 = -3*h - 33 + g. What is the tens digit of h?
7
Let h(l) = -2*l - 91 - 29 + l**2 - 61. Let t be h(0). Let v = 280 + t. What is the tens digit of v?
9
Suppose 711*l - 724*l - 9191 = 0. Let c = -75 - l. What is the tens digit of c?
3
Let s = 53187 - 36602. What is the tens digit of s?
8
Let j be (2 - 63) + 2*(3 - 4). Let d be 14/j*-1 + 623/(-9). What is the units digit of 23/d*148/2*-3?
4
Suppose 0*a + 1411 = -4*a + 3*i, 0 = 4*a + 4*i + 1432. Let w(s) = s**2 - 29*s - 11. Let o be w(17). Let n = o - a. What is the hundreds digit of n?
1
Suppose -u = -3*n + 36, 2*u = -3*n + 5*u + 36. Suppose 736 + 8072 = n*z. What is the units digit of z?
4
Let w = -4199 + 9535. What is the hundreds digit of w?
3
Let h(f) = 2*f**2 + 34*f + 8. Let d be h(-17). Suppose 4*z + 1588 = d*j - 6*j, z - 3981 = -5*j. What is the hundreds digit of j?
7
Let h = 168 + -163. Suppose -d = 4*r - 269, -90 = -d - h*r + 176. What is the hundreds digit of d?
2
Let i = 138 + -131. Let s(k) = 34*k + 74. What is the units digit of s(i)?
2
Let l = 14556 + -6575. What is the thousands digit of l?
7
Suppose 3*r + 602 = -484. Let v = r - -636. What is the hundreds digit of v?
2
Let h(o) = -13*o - 354. What is the units digit of h(-44)?
8
Let s = 2 + -5. Let h(o) = -52*o + 365. Let l be h(7). What is the tens digit of (l - s) + (104 - 4)?
0
What is the thousands digit of 70506/12*1 + (-6 - (-55)/10)?
5
Let m(o) = -4*o**2 - 8*o - 7. Let n(a) = -3*a**2 - 7*a - 6. Let w(x) = -2*m(x) + 3*n(x). Let p be w(-3). Suppose 7*t = p*t + 410. What is the units digit of t?
2
Let k be (-377)/((7 - 1) + -7). Suppose 0 = -4*t - 2*y + 1558, -7*t + 8*t + 3*y - k = 0. What is the hundreds digit of t?
3
Let v(i) = 8*i + 29. Let g be 17*(-3)/(-12) + 5/(-20). Let o be v(g). Suppose -22 = -c + 2*r + o, 5*c = 3*r + 429. What is the units digit of c?
7
Let j(k) = -2*k**2 - 69*k - 37. Let d be j(-29). Suppose 3*l - 198 = 2*g + d, -468 = -3*l - 2*g. What is the units digit of l?
8
Suppose 150*m - 113*m - 744181 = 0. What is the thousands digit of m?
0
Suppose -2*l + 5*v + 3 = -0*v, 5*v = l + 11. Suppose -2*b + 1 = -2*d - 3, 2*d - l = -4*b. Suppose 44 = -b*n + 161. What is the units digit of n?
9
Suppose -7*a - 68324 = -10*a - 21563. What is the hundreds digit of a?
5
Suppose 426 = -2*s - 784. Let j = 636 + -1487. Let u = s - j. What is the hundreds digit of u?
2
Let b(v) = -v**3 + 24*v**2 - 24*v - 42. Let k be b(24). Let f = -372 - k. What is the tens digit of f?
4
Let h be (-2)/10 + (-1)/((-30)/366). Suppose -3*o = -h*o + 81. What is the units digit of (-1)/((-2 + 5)/o) - -48?
5
Suppose 0 = -5*k + r - 45924 + 153046, -107110 = -5*k - 5*r. Suppose 0 = 7*m + 9*m - k. What is the thousands digit of m?
1
Let u(k) = 16*k - 230. Let v be u(14). What is the tens digit of 3579/6*((-48)/(-6) + v)?
9
Suppose 41*m - 9*m = 100224. What is the units digit of m?
2
What is the hundreds digit of (-3204521)/(-285) + 23/345?
2
Let n(s) = 31*s - 15. Let b be n(7). Suppose 2*k = 2*g - b - 38, k + 108 = 5*g. Let a = 231 + k. What is the hundreds digit of a?
1
What is the units digit of (2 + -2 - (-1470 - 27))/((-21)/(-133))?
1
Let g(p) = 2*p**2 - 4*p + 6. Let k be g(5). Suppose -7*j - 280 = -1750. Suppose j - k = b. What is the tens digit of b?
7
Let f be (6/(-14))/((-16)/112). Suppose s = o + 114, -s - 213 = -f*s - o. What is the hundreds digit of s?
1
Suppose -872 = 8*v + 2400. Let t = v + 589. What is the hundreds digit of t?
1
Let n(j) be the first derivative of -64*j**2 + 75*j - 206. What is the tens digit of n(-10)?
5
Suppose 2 = -2*o, -4*j + 7*j + 2*o = -20. Let q be ((9 - 4) + -3)*j/(-4). Suppose q